4
Calculate (-24 + (30 + -17 - -17) - (116 - 0)) + 11.
-99
What is the value of (-150 - -171) + 6 - -53?
80
What is -7 + -3 - 1 - (-34 - -44)?
-21
What is 16 + (-1 - 5) + 11?
21
What is the value of 47 + -48 + (-7 + 8 + -28 - 7)?
-35
Evaluate 4 + 0 + 4 + 5 + 53 + -77.
-11
What is the value of (3 + 19 - 64) + -12?
-54
Evaluate -59 - (47 + -65 - -7).
-48
What is the value of -4 + -2 - (-65 + 32 + 0)?
27
(-68 - (-97 - -54)) + -1 + 13 + 1
-12
Calculate -3 + (-4 - (18 + -7)) - 3.
-21
What is the value of 17 + (-39 - 15) - (-3 + (-1 - -9))?
-42
(-4 - (8 - 6)) + 22 + 21 + -54
-17
What is (390 - 190) + -209 - (2 - 104)?
93
Calculate (5 + 7 + -28 - 21) + 30.
-7
What is the value of 19 + -1 - (-9 + -20 + 74)?
-27
What is the value of (-21 - (-32 + 41)) + 28 + 18 + -1?
15
Calculate -23 - (-5 + (-15 - -14) + 17 + -6).
-28
Evaluate -30 - 5 - (7 - -4 - -3).
-49
Evaluate 1 + 9 - (-10 - (-19 + -19 + 22)).
4
Calculate (1 - -13) + -6 + (4 - 4 - -13) + -8.
13
Evaluate (-48 + 49 - (0 - -9)) + 21.
13
Evaluate 3 - (15 - ((-117 - -41) + 47)).
-41
4 + -83 + 3 - (69 + -93)
-52
What is 7 + -13 + (-14 - 1) + (18 - 22)?
-25
What is the value of -114 + 44 - (75 + -84 - (4 - -1))?
-56
What is 21 + -21 + -11 + 23 + 10 + -124 + 9?
-93
Calculate -41 - (-55 - (-13 - 41)).
-40
Evaluate 22 + -57 + (-19 - (-7 - 10)).
-37
Calculate 15 - (-14 + 74 - -18).
-63
Calculate 9 + -72 - (-99 + 106 - (3 + -9)).
-76
256 + -283 + (-2 - -19)
-10
Calculate -11 + 1 - (2 - -2 - 2) - (-6 - -3).
-9
What is 25 - ((-3 - 22) + 7 + 4 + 12)?
27
Evaluate -7 + 0 + (22 - (-43 + 53)) + -7.
-2
63 + (-16 - (-33 - -17) - 5) + -12
46
What is the value of (357 - (-68 - -148)) + -141?
136
Calculate (-18 - (13 + 24)) + 0 + 19.
-36
Calculate 80 - (134 + 7 + -43).
-18
97 + -50 + -41 + (2 - -31)
39
Evaluate 80 + -2 + -41 + 100 + -72.
65
Calculate (62 - (116 - -11)) + 37.
-28
Calculate (14 - 26) + 158 + -167.
-21
What is -2 + -62 - (14 - (-17 + 21 - -22))?
-52
Calculate -4 + 12 - (-69 + 53 - 80).
104
What is the value of -28 + 0 + 8 - ((16 - 14) + -13) - 48?
-57
Evaluate (64 - 30) + 58 + -102.
-10
Calculate (32 - (-24 + 27) - 23) + -1 + 2 + 17.
24
What is the value of (15 - (4 - 0) - 4) + (239 - 196)?
50
What is the value of (38 - 31 - -35) + -54?
-12
(-34 + 20 - -5) + 51
42
Calculate -26 + -4 + -308 + 314.
-24
What is the value of (-2 + -13 - (100 - 86)) + -3?
-32
Evaluate 14 + -63 + 83 + -35.
-1
What is the value of -1 - (68 + 3 + -57)?
-15
Evaluate -154 + 135 + (-43 - 21).
-83
Calculate 25 + (19 - 39) - 61.
-56
What is 21 + -15 - ((9 - (-2 - 1)) + -30)?
24
Evaluate (228 - (49 + 63)) + -14.
102
What is the value of (2 - 72) + (-2530 - -2586) + 5 + 0 + 1?
-8
What is the value of -2 + 4 + -3 + 3 + -3 + -17?
-18
What is 141 - 169 - (0 - -36)?
-64
0 + 10 - (93 + (-31 - 78))
26
Evaluate -28 + 1 + 43 + -82 + 41.
-25
What is (8 - -4) + -57 + 29 - (2 + 11)?
-29
Calculate 34 + -13 + -17 + (-2 - 11) + -11.
-20
1 - (-38 + 41 + -9)
7
What is 7 + (5 - 23) + -5 + 6 + 38?
28
-13 - -101 - (-361 - -343)
106
What is -82 + (-32 + 43 - 14) + -3?
-88
What is (-931 - -931) + (24 - 54 - (1 + 1))?
-32
Calculate -162 - 3 - (-7662 + 7568).
-71
What is (0 - 2) + (14 - (-29 - -14)) + 9?
36
(0 - 2 - -25) + 8355 + -8373
5
Evaluate (38 + -83 + -17 - -42) + (3 - 15).
-32
Evaluate (3 + -6 - -6) + 0 + (14 + -8 - 37).
-28
What is (-8 - (-21 - 7 - 5 - -3)) + -25?
-3
What is the value of -42 + 37 + (2 - (-52 + -4)) - (15 + -28)?
66
-158 - (68 + -30 + -90)
-106
What is the value of 9 + (4 - (0 - (-8 + 0))) + -9?
-4
What is (126 - -50) + -172 - (1 + -1 + 2 + 19)?
-17
What is the value of 1 + 13 - ((3 - 41) + 21) - 20?
11
Calculate (-1 - 8) + (-2 + 3 - (-3 + 1) - 0).
-6
12 + -20 + -10 + 5 + 18 - 46
-41
What is the value of 91 + -85 + (56 - -32)?
94
(1 + -2 - (0 + -67)) + -59 + 236 + -190
53
99 - (27 - (-55 - 4))
13
-81 - (-30 + (-26 - -59) + -2)
-82
What is the value of 253 + 10 - 295 - (-2 + 107)?
-137
What is the value of (7 - -307 - 116) + -82?
116
Calculate -28 + -4 + -29 + 21 + -36.
-76
1 - (2 + 0) - ((-6 - (-30 - -27)) + -18)
20
What is ((-15 - -13 - (-5 + -2)) + 3 - -13) + 10?
31
What is the value of (339 - 512) + 259 - ((-2 - -2) + -9)?
95
Calculate -6 - (-92 + 3 + 13).
70
What is the value of (-9 - (-5 + 10)) + (-19 - -27) + -23?
-29
What is the value of -28 - (99 + -78 - (2 - -39))?
-8
Evaluate 4 - (-11 - (17 - 18 - 15)).
-1
Evaluate -76 + -73 - (-207 - -186).
-128
What is -350 - -350 - (3 - 14)?
11
What is the value of 183 - 133 - ((13 + -5 - 18) + -1 + 5)?
56
Calculate -6 - (-12 + -3 + 24 + -6).
-9
What is the value of -4 + (-6 - (2 + -54) - 5)?
37
(-135 - (-24 + -44)) + 20
-47
What is the value of 0 + 22 + -3 - (-1292 - -1285)?
26
Calculate (-1 - (0 + 2 - 6)) + -50 + 22.
-25
What is (18 - 12) + 4 + -3 + 10 + -19?
-2
What is the value of 0 + (0 - -3) + (2 - 17 - (-94 + 99))?
-17
-30 + -15 + 63 - 44
-26
What is (137 - 138) + -34 + -79?
-114
Calculate (-2 - -6 - (-6 + 18)) + -9 + -1.
-18
What is -1 - -10 - ((111 - 54) + -76)?
28
What is the value of 105 + (-11 - -2) - (-36 + (-13 - -67))?
78
Evaluate -111 - -63 - (-12 + 48).
-84
Calculate (-2 - -2) + 5 - ((-4 - 8) + (2 - -13)).
2
Evaluate -2 + 10 + (-33 + (9 - -1) - 7).
-22
What is (-109 - -18 - -13) + -26?
-104
Calculate (-31 - (-57 - 41)) + -27.
40
What is the value of (-1 - 57) + (37 + -47 - (-2 + -11)) + 5?
-50
Calculate 93 + (133 - 232) - (60 - 2).
-64
Evaluate (-1 - 10) + (-4 + -64 - -143).
64
What is (-60 - (58 + -114)) + (1 - (-4 + 0)) + 4?
5
What is the value of -32 + (-15 - -18) + 5 + 2?
-22
Calculate -96 + 92 - (4 + 4 + -6) - 28.
-34
What is (-8 - -2 - 35) + (-41 - -65)?
-17
What is the value of (946 - 939) + (8 - 56 - (-1 + 2))?
-42
Evaluate (15 - 18) + -17 + 11 - 26.
-35
What is the value of -4 + 47 + -45 + 62?
60
Evaluate -81 - (13 + -85 + -7).
-2
Calculate -73 - ((12 - 2) + 27 + 53 + -83).
-80
Calculate -11 + (762 - 777 - (-25 - 0)).
-1
1 + 68 + (513 + -358 - 188)
36
Calculate 18 + -43 + 11 + 3 + 13.
2
What is -50 + (168 - 65) + 21?
74
Calculate -11 + 9 - (2 - (51 - (6 + -6))).
47
What is the value of 37 + 0 + (929 - 932)?
34
Calculate -30 - (7 - -14 - 77) - (-4 + -2).
32
What is -12 - ((-3 - 1) + -22 + 25 + 7)?
-18
Evaluate 108 + (-75 - (37 + -50)).
46
What is the value of -51 + (-11 - (-5 + (3 - 4))) + -15 + 24?
-47
Calculate 99 + 5 + (0 - (-5 - -18)).
91
0 - (-1 + -3 - (-45 - -14)) - -9
-18
What is -116 - (-164 - 39 - -123)?
-36
What is the value of 2 + -22 - (-49 - (-131 + 66))?
-36
Calculate (-14 - 4) + (45 - 28) + 11 - 49.
-39
12 + 13 + (11 - (25 - 9 - 7 - -1))
26
What is the value of -79 + 33 + (-179 + 158 - (1 + -6))?
-62
2798 + -2833 + 1 + 32
-2
What is the value of 52 + -73 + 5 - (1 - -40)?
-57
What is the value of (77 - (46 - 57)) + -167?
-79
Evaluate (-34 - (-20 + -22)) + 4.
12
Calculate (97 + -110 - 37) + 96.
46
Calculate (-8 - 1) + (-163 - (-64 - 51)).
-57
15 - -43 - (-3 + 2) - (-1053 + 1047)
65
Calculate 6 - (-8 + (-50 - -41)).
23
-2 + (-1 - -5) - 5 - (-351 + 479)
-131
What is the value of (0 - 18) + (-9 - -50) + -2?
21
What is the value of (0 - 10) + (-8 - (-8 - -3)) + (30 - 17)?
0
Calculate 207 + (-135 - -19) - (-4 - -3 - -1).
91
184 + -116 - (3 + 19)
46
What is the value of 0 + (-4 - -6) + -4 - (-1 + 67 + -19)?
-49
What is -47 - 2 - (-26 - (51 - 44 - 39))?
-55
Calculate -1 - (-10 - -30) - -37 - 12.
4
What is -69 + (60 - -14 - 27)?
-22
Evaluate (982 - 932) + (-37 - 2).
11
-41 - (53 + -83 + 127)
-138
Evaluate (15 - 2) + (-3 + (-5 - -41) - 14).
32
Evaluate (15 + -19 - 8) + -16 + 92 + -15.
49
(8 - 0) + 3 - ((0 - 10) + 57)
-36
Evaluate 6 + -89 + 161 - 76.
2
-1 - 19 - -1 - (30471 + -30449)
-41
What is -103 - (30 + (-1 - 38) - 0)?
-94
Calculate -106 + 10 + 46 + (-49 - -19).
-80
Calculate (102 - 66) + 56 + (-5 - 3).
84
Calculate 11 - ((-1 - 5 - (-33 + 51 + -26)) + -36).
45
What is -14 + (-3 - -3) + (13 - 1) + -24?
-26
What is 0 + 18 + -2 + -1 + 109 + -3992 + 3903?
35
Evaluate -17 + -9 - ((8 - 0) + -4 - 13).
-17
Evaluate 82 + (-28 + -18 - -25 - -48).
109
-5 + (2 - -3) + 125 + (-521 - -515) + -5
114
What is the value of 6 + -45 + -3 + (11 - 9)?
-40
Evaluate 4 - ((7 - 7) + -10) - (78 + (7 - 18)).
-53
What is -40 - (-46 - (24 - (30 - -21)))?
-21
What is the value of -4 + -49 - (-2 + 6) - (111 + -121)?
-47
-77 - ((23 - (-32 - -35)) + -15 + 1 + 2)
-85
Calculate (10 - 34 -